82. Let y(b) = b**2 + 9*b + 6. Calculate y(x).
-2
Suppose 4*u - 5*x - 33 = 0, -389*u + 384*u + x + 15 = 0. Let l(n) be the first derivative of -n + n**u + 1/4*n**4 - 4/3*n**3 - 7. Determine l(3).
-4
Let g(j) = 2*j - 3*j**3 - 2*j**2 + 2*j**3 - j**2. Let l(w) = w**2 + 13*w + 33. Let i be l(-10). Suppose 14*h - 13*h + i = 0. Determine g(h).
-6
Let y(l) = 12*l - 1. Let h(k) = -23*k + 2. Let m = 26 - 19. Let p(f) = m*y(f) + 4*h(f). What is p(-1)?
9
Let q(j) = 3*j - 4. Let s(n) = 8 - 4 - 2*n - n. Let c(l) = 5*q(l) + 6*s(l). Let p be 3 + -3 + (6 - 0). Calculate c(p).
-14
Let w(v) = -v**3 - 6*v**2 - 3. Let n(z) = 10 + 16*z - 10 - 3 - 3 + 17*z**2 + z**3. Let d be n(-16). Calculate w(d).
-3
Let w(p) = p - 26. Suppose -26*h - 18*h = -50*h. Determine w(h).
-26
Let k(y) = -y - 1. Let b be 147/28 - (-1)/(-4). Suppose 0 = 3*j - 4*s + 155, j = 6*j - b*s + 255. Let m be (-23)/(-7) + 14/j. What is k(m)?
-4
Let i = -7 + 8. Suppose 0 = -m - i. Let t(f) be the first derivative of 7*f**4/4 - 2*f**3/3 + f - 8. Calculate t(m).
-8
Let y(a) be the first derivative of a**2/2 + 18*a + 103. Give y(-8).
10
Let j(s) = -14 + 25 - 10 - s. Let o(w) = -8*w + 3. Let i(y) = 6*j(y) - o(y). Calculate i(-4).
-5
Let i(d) = -d**2 - 8*d. Let u(c) = 6 - 20 - 2 + c. Let g be u(10). What is i(g)?
12
Let o(x) = -13*x**3 - 1. Let m be o(1). Let a = 26 + m. Let j = a + -8. Let g(c) = -c - 2. Calculate g(j).
-6
Let g(p) = p - 8. Let k(u) = -u**2 + 10*u + 32. Let n be k(12). What is g(n)?
0
Let p(k) = -9*k - 1. Let d be (63/(-14) + 5)*(-12)/3. Give p(d).
17
Let g(y) be the second derivative of y**4/12 + 2*y**3 + 3*y**2 - 6*y - 9. Give g(-11).
-5
Let y = -1224 + 1228. Let b(g) = 0*g - g**2 + 1 + 5*g - 4. Determine b(y).
1
Let h(s) = -13*s - 1. Let b be (-380)/65 + 6 - (-100)/26. Suppose -q = b*k + 3, -6*q + 5 = -k - 2*q. Determine h(k).
12
Let f(c) = 10 - 8*c + 2*c**2 - 3*c**2 - 9 + 21. Let i be f(-10). Let w(b) = -2*b**2 + b + 1. Determine w(i).
-5
Let y(j) = j**3 - 2*j**2 + 2*j - 2. Let k(h) = -h**3 - 10*h**2 - h - 8. Let g be k(-10). Let s(n) = -2 - 2 - n**2 + 2*n**g + 5*n. Let x be s(-6). Give y(x).
2
Let w(r) be the third derivative of -r**5/30 - r**4/4 - r**3 - 135*r**2 + 2*r. Give w(-5).
-26
Let z(d) = -4*d**2 + 1390*d - 1392*d + 6 - 5. Determine z(1).
-5
Let j(l) = -8*l - 18. Let g(i) = -3*i - 8. Let q(s) = -5*g(s) + 2*j(s). Determine q(-4).
8
Let w(q) = 4*q - 4. Let x(p) be the second derivative of -3*p**3/2 + 9*p**2/2 + 21*p. Let k(h) = 13*w(h) + 6*x(h). Determine k(-2).
6
Let w = 3 + -5. Let u(o) = o - 992 + 992. What is u(w)?
-2
Let a(j) be the first derivative of j**3/3 - 9*j**2/2 + 7*j + 4. Suppose 3*h - 25 = 2*k, 7*k - 9*k - 4 = 0. Determine a(h).
-7
Let o = 585 - 579. Let f(t) be the first derivative of 1/2*t**2 - o*t + 3. Give f(0).
-6
Let v(n) = -494*n + 12 - 487*n + 979*n. Give v(12).
-12
Let k be 63/6 - 2/4. Suppose -6*m = -m - k. Suppose -2*q + 8 = m*q. Let c(x) = x**2 + x. Calculate c(q).
6
Let m(n) = n**3 - 6*n**2 - 1. Let c(i) be the second derivative of i**3/6 + 6*i**2 + 5*i. Let q be c(5). Let r = q + -11. What is m(r)?
-1
Let s(t) be the first derivative of -t**2/2 + 2*t - 1. Let y(c) = 15*c**2 + 182*c + 31. Let h be y(-12). Give s(h).
-5
Let p(a) = a**2 + 5*a - 2. Let j be p(-6). Let f(k) = -7*k - 10. Let c(q) = 15*q + 21. Let u(x) = -6*c(x) - 13*f(x). Give u(j).
8
Let l(c) = 9*c**2 + 4*c**2 - 2 - 13*c**2 + 2*c**3 + c. Suppose 0 = -3*h - 0*r - 2*r, 5*h - r - 13 = 0. What is l(h)?
16
Let q(i) be the first derivative of i**3/3 + 5*i**2/2 - 3*i - 106. Let r = -12 + 17. Suppose 0 = 2*k + h + r, -k - 2*k + 2*h - 25 = 0. What is q(k)?
-3
Let y(d) = -10*d + 56. Let r(g) = -15*g + 85. Let p(h) = 5*r(h) - 8*y(h). Give p(3).
-8
Let t = 8 + -2. Suppose 6*v = 3*v - t. Let u(z) be the third derivative of z**6/120 + z**5/15 + z**4/24 + z**3/3 + 8*z**2. Determine u(v).
8
Suppose -n - 32 = 3*n. Let u(v) = 90*v + 0 + 0*v**3 - 8*v**2 + 1 - v**3 - 89*v. Determine u(n).
-7
Let q(r) be the second derivative of r**4/6 + r**3 - 3*r**2 + 266*r. Suppose -5*b - 33 + 8 = 0. What is q(b)?
14
Let j(m) = -m**3 - 12*m**2 + 5*m + 64. Let w be j(-12). Let d(z) = -z - 3. What is d(w)?
-7
Let d(t) = -t**3 - t**2 - t + 2. Suppose 3*v - 3 = f + 1, 35 = 5*v + 4*f. Let r be (4/6)/((-7)/v - -2). Give d(r).
8
Let t(h) = 2*h**2 - 9*h + 18. Let z(j) = -j**2 - 1. Let b(p) = t(p) + 3*z(p). Let l(s) be the first derivative of b(s). Determine l(-6).
3
Let j(i) = 5*i**2 + 16*i - 4. Let h(t) = 11*t**2 + 33*t - 7. Let z(k) = -6*h(k) + 13*j(k). Let d be z(9). Let m(w) = 10*w**3 + w**2 + w. Determine m(d).
-10
Let b(d) be the second derivative of d**8/6720 + d**7/252 + 7*d**6/720 - d**5/24 + 13*d**4/6 + 22*d. Let w(k) be the third derivative of b(k). Determine w(-9).
13
Suppose -4*o = 2*o - 48. Let b(c) = -5*c**3 - c**2 - 4*c - 23. Let m(a) = -3*a**3 - a**2 - 3*a - 15. Let x(r) = o*m(r) - 5*b(r). Calculate x(4).
-5
Let v(j) = 7*j**3 - 11*j**2 - 5*j + 22. Let q(y) = -y**3 - 1. Let s(b) = 6*q(b) + v(b). Determine s(11).
-39
Let t(j) = -j**3 + 3*j**2 + 5*j - 6. Let y = 8 + -35. Let l = 31 + y. Give t(l).
-2
Suppose -2*q = -1 + 3. Let l(u) = -10*u - 3. Let b be l(q). Let h = -11 + b. Let s(x) = x + 3. Give s(h).
-1
Let l = 375 - 371. Let p(d) = d + 4. Let x(n) = -2*n - 9. Let q(m) = 5*p(m) + 2*x(m). Calculate q(l).
6
Let p(r) = -r**2 - r + 1. Let d(a) = -5*a**2 - 8*a + 6. Let w(z) = d(z) - 4*p(z). Let g(y) = y**3 + 5*y**2 - y - 7. Let s be g(-5). Let b = s - 4. What is w(b)?
-10
Let d(s) = -s**3 - 2*s**2 + s - 2. Suppose 0 = 4*w + 86 - 94. Suppose -p + 5*o = -w, 0 = -p - o - 4. Calculate d(p).
4
Let p(i) = 24*i**2 + 672 - 25*i - i**3 - 297 - 335. Calculate p(23).
-6
Let c(w) = 11*w**2 + 5*w - 3. Let l(z) = 7*z**2 + 3*z - 2. Let o(n) = -5*c(n) + 8*l(n). Let k be 3 - (2 + (-4)/(-4)). Give o(k).
-1
Let t(g) = -7*g**3 + 5*g**2 - 17*g + 2. Let j(f) = -16*f**3 + 10*f**2 - 36*f + 6. Let w(n) = -4*j(n) + 9*t(n). Determine w(-7).
-41
Let d be 1 + -1 - (-1 - -3). Suppose 4*m = 2*w + 140, -5*m + 58 = -3*m + 2*w. Let o(n) = -10*n + 3 - 13*n - 9*n + m*n. Determine o(d).
1
Let t(a) be the third derivative of -a**6/120 + a**5/12 - a**4/8 - a**3/6 - 196*a**2. Determine t(3).
8
Let t(g) = -44 - 41 - 4*g + 73. Determine t(6).
-36
Let o(l) be the third derivative of -l**6/40 - l**5/30 - l**4/6 - l**3/3 + 10*l**2 + 9. Give o(-2).
22
Let t(c) = c**3 + 38*c**2 + 71*c - 36. Let h be t(-36). Let l(d) = d**2 - d + 19. Determine l(h).
19
Suppose -i = 5*k, 0 = 2*i - 6*i - 5*k. Let y(o) be the third derivative of -1/40*o**6 + 1/6*o**3 + 0 + 0*o**4 - 2*o**2 + i*o**5 + 0*o. Determine y(1).
-2
Let v(r) = -r**3 + 5*r**2 - 3*r + 5. Let w(g) = -g**2 - g + 1. Let o be (-4)/24 - (0 - (-7)/(-6)). Let s(k) = o*v(k) - 2*w(k). Calculate s(7).
-4
Let d be (7/84)/(1/12). Let q(w) be the second derivative of w**5/4 + w**3/6 - 2*w. Give q(d).
6
Suppose -74 = -33*u - 4*u. Let j(s) = -2*s**3 - s + 1. Calculate j(u).
-17
Let r(w) = 33*w + 35*w - 78*w + 4 + 0. Give r(3).
-26
Let k(p) be the third derivative of p**7/2520 + p**6/720 - p**5/24 + 3*p**4/8 - p**3/6 - 9*p**2 + 2. Let v(j) be the second derivative of k(j). Calculate v(0).
-5
Let u(h) be the second derivative of -h**6/360 - 7*h**5/120 + 7*h**4/24 - 11*h**3/3 + 19*h. Let b(q) be the second derivative of u(q). Determine b(-8).
-1
Let c(z) be the second derivative of -z**5/20 + 5*z**4/12 - z**3 + z**2 - 2*z. Let f(b) = b**2 - 1. Let l be f(3). Suppose 2*i - l = -0*i. Give c(i).
-6
Let d(p) = p**2 + 6*p + 6. Suppose -5*c + 0*a - 40 = 5*a, -16 = -c + 5*a. What is d(c)?
-2
Let x be (7/28)/(1/8*1). Let a(c) = 3*c - 6*c + 2 - 4*c**2 + 4*c**2 + c**x. Give a(4).
6
Let v(g) = -30*g**2 + 153*g - 8. Let l be v(5). Let q(r) = 3*r - 23. Calculate q(l).
-2
Let t(s) be the second derivative of s**4/6 - s**3/3 - 2*s**2 + 8*s. Determine t(3).
8
Let i(l) = -6*l + 10 + 5*l + 10. Determine i(10).
10
Let s(w) = -8*w + 6*w + 2 + 5 + w. Let m be 31 + 4/4 + -4. Let t = -28 + m. Determine s(t).
7
Let h(b) = 2*b - 3. Suppose -2*q - 2*o + 5 = -1, 0 = 4*q + o - 12. Let u be h(q). Let x(c) = -4 + 2*c + 2*c - 5*c. What is x(u)?
-7
Let m(s) = 3*s - 1. Let r = 63 - 61. Let w(t) = t**3 - t**2 - t + 1. Let f be w(r). Determine m(f).
8
Suppose 2*h - 26 = 3*x - 29, -2*x - 5*h = -2. Let k(w) = w**3 + 5*w**2 + 2*w - 1. Let j be k(-4). Let i(t) 